Calculate the remainder when 101148 is divided by 84.
12
What is the remainder when 469 is divided by 231?
7
What is the remainder when 21336 is divided by 53?
30
What is the remainder when 686575 is divided by 4318?
13
Calculate the remainder when 6843892 is divided by 1159.
1156
Calculate the remainder when 187978 is divided by 93988.
2
What is the remainder when 80499 is divided by 202?
103
Calculate the remainder when 21501 is divided by 1081.
962
What is the remainder when 6562 is divided by 91?
10
Calculate the remainder when 6523438 is divided by 330.
328
What is the remainder when 5080 is divided by 164?
160
Calculate the remainder when 23957 is divided by 88.
21
Calculate the remainder when 740 is divided by 53.
51
Calculate the remainder when 25468 is divided by 398.
394
Calculate the remainder when 15032 is divided by 25.
7
What is the remainder when 13170 is divided by 627?
3
What is the remainder when 19176 is divided by 43?
41
Calculate the remainder when 66551 is divided by 4752.
23
What is the remainder when 8514 is divided by 258?
0
What is the remainder when 36901 is divided by 59?
26
What is the remainder when 2216 is divided by 83?
58
Calculate the remainder when 750072 is divided by 57.
9
Calculate the remainder when 12061 is divided by 103.
10
What is the remainder when 6028315 is divided by 87?
85
Calculate the remainder when 9089 is divided by 140.
129
Calculate the remainder when 154715 is divided by 66.
11
Calculate the remainder when 7939 is divided by 2567.
238
What is the remainder when 5118 is divided by 42?
36
What is the remainder when 12030 is divided by 401?
0
What is the remainder when 7065 is divided by 73?
57
Calculate the remainder when 21799 is divided by 1157.
973
Calculate the remainder when 39527 is divided by 13171.
14
Calculate the remainder when 24700 is divided by 170.
50
Calculate the remainder when 16166 is divided by 90.
56
Calculate the remainder when 660984 is divided by 95.
69
Calculate the remainder when 625 is divided by 283.
59
What is the remainder when 3176 is divided by 86?
80
Calculate the remainder when 4777 is divided by 1563.
88
Calculate the remainder when 6386 is divided by 5.
1
Calculate the remainder when 48021 is divided by 260.
181
Calculate the remainder when 25008 is divided by 24992.
16
Calculate the remainder when 18642 is divided by 6171.
129
Calculate the remainder when 51028 is divided by 10195.
53
What is the remainder when 38596 is divided by 8?
4
Calculate the remainder when 357118 is divided by 93.
91
What is the remainder when 2260439 is divided by 18?
17
What is the remainder when 4498 is divided by 503?
474
What is the remainder when 6944 is divided by 615?
179
Calculate the remainder when 2074 is divided by 1022.
30
Calculate the remainder when 1105 is divided by 505.
95
Calculate the remainder when 38132 is divided by 12704.
20
What is the remainder when 82413 is divided by 9156?
9
Calculate the remainder when 87191 is divided by 28.
27
What is the remainder when 56101 is divided by 56084?
17
Calculate the remainder when 5572 is divided by 81.
64
Calculate the remainder when 92742 is divided by 46368.
6
Calculate the remainder when 5070 is divided by 254.
244
Calculate the remainder when 53766 is divided by 512.
6
What is the remainder when 2157902 is divided by 437?
433
Calculate the remainder when 167419 is divided by 39.
31
What is the remainder when 1797 is divided by 504?
285
What is the remainder when 267 is divided by 32?
11
What is the remainder when 3093 is divided by 287?
223
What is the remainder when 191 is divided by 184?
7
Calculate the remainder when 16255 is divided by 580.
15
Calculate the remainder when 1518 is divided by 157.
105
What is the remainder when 1786 is divided by 92?
38
What is the remainder when 1499809 is divided by 13?
12
What is the remainder when 3016 is divided by 36?
28
Calculate the remainder when 18454 is divided by 284.
278
Calculate the remainder when 7455 is divided by 924.
63
Calculate the remainder when 276577 is divided by 117.
106
Calculate the remainder when 682 is divided by 424.
258
Calculate the remainder when 3437 is divided by 665.
112
What is the remainder when 7606 is divided by 60?
46
What is the remainder when 1536355 is divided by 328?
3
Calculate the remainder when 4940 is divided by 446.
34
Calculate the remainder when 3165 is divided by 264.
261
Calculate the remainder when 384271 is divided by 376.
375
What is the remainder when 42456 is divided by 14136?
48
Calculate the remainder when 19873 is divided by 4964.
17
Calculate the remainder when 7864 is divided by 527.
486
Calculate the remainder when 44875 is divided by 97.
61
What is the remainder when 217635 is divided by 180?
15
Calculate the remainder when 4831 is divided by 143.
112
Calculate the remainder when 2558 is divided by 256.
254
What is the remainder when 59686 is divided by 5425?
11
What is the remainder when 4664 is divided by 1987?
690
Calculate the remainder when 77846 is divided by 545.
456
What is the remainder when 68818 is divided by 93?
91
What is the remainder when 8493 is divided by 4244?
5
Calculate the remainder when 246330 is divided by 91.
84
Calculate the remainder when 2545 is divided by 51.
46
Calculate the remainder when 341496 is divided by 500.
496
Calculate the remainder when 488619 is divided by 9219.
12
Calculate the remainder when 9043 is divided by 452.
3
What is the remainder when 51665 is divided by 3039?
2
Calculate the remainder when 49022 is divided by 3.
2
What is the remainder when 5228654 is divided by 272?
270
Calculate the remainder when 2395 is divided by 809.
777
Calculate the remainder when 18337 is divided by 962.
59
Calculate the remainder when 497 is divided by 468.
29
Calculate the remainder when 2310 is divided by 88.
22
What is the remainder when 42666 is divided by 1473?
1422
Calculate the remainder when 24303 is divided by 12081.
141
Calculate the remainder when 2599 is divided by 27.
7
What is the remainder when 111837 is divided by 398?
397
What is the remainder when 26086 is divided by 117?
112
What is the remainder when 71001 is divided by 38?
17
What is the remainder when 11464 is divided by 78?
76
What is the remainder when 16014 is divided by 7997?
20
Calculate the remainder when 14312 is divided by 347.
85
Calculate the remainder when 3375 is divided by 294.
141
What is the remainder when 1510 is divided by 200?
110
What is the remainder when 279548 is divided by 188?
180
What is the remainder when 135098 is divided by 772?
770
Calculate the remainder when 2655 is divided by 78.
3
Calculate the remainder when 21522 is divided by 108.
30
What is the remainder when 28312 is divided by 1766?
56
What is the remainder when 2059 is divided by 32?
11
Calculate the remainder when 1519 is divided by 326.
215
Calculate the remainder when 13201 is divided by 586.
309
Calculate the remainder when 8316 is divided by 17.
3
Calculate the remainder when 21781 is divided by 115.
46
Calculate the remainder when 54042 is divided by 17882.
396
Calculate the remainder when 9236 is divided by 20.
16
Calculate the remainder when 8500 is divided by 447.
7
Calculate the remainder when 16787 is divided by 1192.
99
Calculate the remainder when 5509 is divided by 49.
21
What is the remainder when 1335739 is divided by 980?
979
Calculate the remainder when 39691 is divided by 1256.
755
What is the remainder when 69876 is divided by 5822?
12
Calculate the remainder when 898461 is divided by 299473.
42
Calculate the remainder when 11252 is divided by 296.
4
Calculate the remainder when 159003 is divided by 219.
9
What is the remainder when 14064 is divided by 639?
6
What is the remainder when 501870 is divided by 55?
50
Calculate the remainder when 133 is divided by 125.
8
Calculate the remainder when 4504 is divided by 687.
382
What is the remainder when 221963 is divided by 698?
697
Calculate the remainder when 1681778 is divided by 20.
18
What is the remainder when 1831993 is divided by 23?
20
Calculate the remainder when 2782 is divided by 204.
130
What is the remainder when 67914 is divided by 32?
10
Calculate the remainder when 282805 is divided by 10.
5
What is the remainder when 33176 is divided by 2